{"id":5,"date":"2019-11-27T10:33:05","date_gmt":"2019-11-27T10:33:05","guid":{"rendered":"http:\/\/wordpress2020.zahnarztpraxis-buchenbach.de\/?page_id=5"},"modified":"2025-03-03T12:36:16","modified_gmt":"2025-03-03T12:36:16","slug":"reinhard-und-reinhard","status":"publish","type":"page","link":"https:\/\/zahnarztpraxis-buchenbach.de\/","title":{"rendered":"Startseite"},"content":{"rendered":"\t\t<div data-elementor-type=\"wp-page\" data-elementor-id=\"5\" class=\"elementor elementor-5\">\n\t\t\t\t\t\t<section class=\"elementor-section elementor-top-section elementor-element elementor-element-de382b2 elementor-section-boxed elementor-section-height-default elementor-section-height-default\" data-id=\"de382b2\" data-element_type=\"section\" data-e-type=\"section\">\n\t\t\t\t\t\t<div class=\"elementor-container elementor-column-gap-default\">\n\t\t\t\t\t<div class=\"elementor-column elementor-col-100 elementor-top-column elementor-element elementor-element-b1b7627\" data-id=\"b1b7627\" data-element_type=\"column\" data-e-type=\"column\">\n\t\t\t<div class=\"elementor-widget-wrap elementor-element-populated\">\n\t\t\t\t\t\t<div class=\"elementor-element elementor-element-7c0ea94 elementor-widget elementor-widget-text-editor\" data-id=\"7c0ea94\" data-element_type=\"widget\" data-e-type=\"widget\" data-widget_type=\"text-editor.default\">\n\t\t\t\t<div class=\"elementor-widget-container\">\n\t\t\t\t\t\t\t\t\t<p>Unsere Praxis im Herzen des Dreisamtals<\/p><p>Als Zahnarztpraxis f\u00fcr Gro\u00df und Klein bieten wir ein individuell auf sie zugeschnittenes modernes Behandlungskonzept.<\/p><p>Unser Behandlungsspektrum umfasst alle Bereiche der Zahnmedizin ausgenommen der Kieferorthop\u00e4die.<\/p>\t\t\t\t\t\t\t\t<\/div>\n\t\t\t\t<\/div>\n\t\t\t\t\t<\/div>\n\t\t<\/div>\n\t\t\t\t\t<\/div>\n\t\t<\/section>\n\t\t\t\t<section class=\"elementor-section elementor-top-section elementor-element elementor-element-db01f7c elementor-section-boxed elementor-section-height-default elementor-section-height-default\" data-id=\"db01f7c\" data-element_type=\"section\" data-e-type=\"section\">\n\t\t\t\t\t\t<div class=\"elementor-container elementor-column-gap-default\">\n\t\t\t\t\t<div class=\"elementor-column elementor-col-33 elementor-top-column elementor-element elementor-element-939f73c\" data-id=\"939f73c\" data-element_type=\"column\" data-e-type=\"column\">\n\t\t\t<div class=\"elementor-widget-wrap elementor-element-populated\">\n\t\t\t\t\t\t<div class=\"elementor-element elementor-element-95ff1d2 elementor-view-default elementor-position-block-start elementor-mobile-position-block-start elementor-widget elementor-widget-icon-box\" data-id=\"95ff1d2\" data-element_type=\"widget\" data-e-type=\"widget\" data-widget_type=\"icon-box.default\">\n\t\t\t\t<div class=\"elementor-widget-container\">\n\t\t\t\t\t\t\t<div class=\"elementor-icon-box-wrapper\">\n\n\t\t\t\t\t\t<div class=\"elementor-icon-box-icon\">\n\t\t\t\t<a href=\"https:\/\/zahnarztpraxis-buchenbach.de\/?page_id=18\" class=\"elementor-icon\" tabindex=\"-1\" aria-label=\"Unser Angebot\">\n\t\t\t\t<i aria-hidden=\"true\" class=\"fas fa-store\"><\/i>\t\t\t\t<\/a>\n\t\t\t<\/div>\n\t\t\t\n\t\t\t\t\t\t<div class=\"elementor-icon-box-content\">\n\n\t\t\t\t\t\t\t\t\t<h3 class=\"elementor-icon-box-title\">\n\t\t\t\t\t\t<a href=\"https:\/\/zahnarztpraxis-buchenbach.de\/?page_id=18\" >\n\t\t\t\t\t\t\tUnser Angebot\t\t\t\t\t\t<\/a>\n\t\t\t\t\t<\/h3>\n\t\t\t\t\n\t\t\t\t\t\t\t\t\t<p class=\"elementor-icon-box-description\">\n\t\t\t\t\t\tInformieren Sie sich \u00fcber unser Angebot von den ersten bis zu den dritten Z\u00e4hnen!\t\t\t\t\t<\/p>\n\t\t\t\t\n\t\t\t<\/div>\n\t\t\t\n\t\t<\/div>\n\t\t\t\t\t\t<\/div>\n\t\t\t\t<\/div>\n\t\t\t\t\t<\/div>\n\t\t<\/div>\n\t\t\t\t<div class=\"elementor-column elementor-col-33 elementor-top-column elementor-element elementor-element-9b0fdf6\" data-id=\"9b0fdf6\" data-element_type=\"column\" data-e-type=\"column\">\n\t\t\t<div class=\"elementor-widget-wrap elementor-element-populated\">\n\t\t\t\t\t\t<div class=\"elementor-element elementor-element-6401752 elementor-view-default elementor-position-block-start elementor-mobile-position-block-start elementor-widget elementor-widget-icon-box\" data-id=\"6401752\" data-element_type=\"widget\" data-e-type=\"widget\" data-widget_type=\"icon-box.default\">\n\t\t\t\t<div class=\"elementor-widget-container\">\n\t\t\t\t\t\t\t<div class=\"elementor-icon-box-wrapper\">\n\n\t\t\t\t\t\t<div class=\"elementor-icon-box-icon\">\n\t\t\t\t<a href=\"http:\/\/wordpress2020.zahnarztpraxis-buchenbach.de\/?page_id=20\" class=\"elementor-icon\" tabindex=\"-1\" aria-label=\"Unser Team\">\n\t\t\t\t<i aria-hidden=\"true\" class=\"fas fa-user-friends\"><\/i>\t\t\t\t<\/a>\n\t\t\t<\/div>\n\t\t\t\n\t\t\t\t\t\t<div class=\"elementor-icon-box-content\">\n\n\t\t\t\t\t\t\t\t\t<h3 class=\"elementor-icon-box-title\">\n\t\t\t\t\t\t<a href=\"http:\/\/wordpress2020.zahnarztpraxis-buchenbach.de\/?page_id=20\" >\n\t\t\t\t\t\t\tUnser Team\t\t\t\t\t\t<\/a>\n\t\t\t\t\t<\/h3>\n\t\t\t\t\n\t\t\t\t\t\t\t\t\t<p class=\"elementor-icon-box-description\">\n\t\t\t\t\t\tUnser kompetentes Praxis-Team freut sich auf Ihren Besuch.\t\t\t\t\t<\/p>\n\t\t\t\t\n\t\t\t<\/div>\n\t\t\t\n\t\t<\/div>\n\t\t\t\t\t\t<\/div>\n\t\t\t\t<\/div>\n\t\t\t\t\t<\/div>\n\t\t<\/div>\n\t\t\t\t<div class=\"elementor-column elementor-col-33 elementor-top-column elementor-element elementor-element-71eb986\" data-id=\"71eb986\" data-element_type=\"column\" data-e-type=\"column\">\n\t\t\t<div class=\"elementor-widget-wrap elementor-element-populated\">\n\t\t\t\t\t\t<div class=\"elementor-element elementor-element-3519a6f elementor-view-default elementor-position-block-start elementor-mobile-position-block-start elementor-widget elementor-widget-icon-box\" data-id=\"3519a6f\" data-element_type=\"widget\" data-e-type=\"widget\" data-widget_type=\"icon-box.default\">\n\t\t\t\t<div class=\"elementor-widget-container\">\n\t\t\t\t\t\t\t<div class=\"elementor-icon-box-wrapper\">\n\n\t\t\t\t\t\t<div class=\"elementor-icon-box-icon\">\n\t\t\t\t<a href=\"http:\/\/wordpress2020.zahnarztpraxis-buchenbach.de\/?page_id=22\" class=\"elementor-icon\" tabindex=\"-1\" aria-label=\"Unsere Sprechzeiten\">\n\t\t\t\t<i aria-hidden=\"true\" class=\"fas fa-calendar-alt\"><\/i>\t\t\t\t<\/a>\n\t\t\t<\/div>\n\t\t\t\n\t\t\t\t\t\t<div class=\"elementor-icon-box-content\">\n\n\t\t\t\t\t\t\t\t\t<h3 class=\"elementor-icon-box-title\">\n\t\t\t\t\t\t<a href=\"http:\/\/wordpress2020.zahnarztpraxis-buchenbach.de\/?page_id=22\" >\n\t\t\t\t\t\t\tUnsere Sprechzeiten\t\t\t\t\t\t<\/a>\n\t\t\t\t\t<\/h3>\n\t\t\t\t\n\t\t\t\t\t\t\t\t\t<p class=\"elementor-icon-box-description\">\n\t\t\t\t\t\tVereinbaren Sie gleich einen Termin per Telefon unter\n07661 - 93150\t\t\t\t\t<\/p>\n\t\t\t\t\n\t\t\t<\/div>\n\t\t\t\n\t\t<\/div>\n\t\t\t\t\t\t<\/div>\n\t\t\t\t<\/div>\n\t\t\t\t\t<\/div>\n\t\t<\/div>\n\t\t\t\t\t<\/div>\n\t\t<\/section>\n\t\t\t\t<section class=\"elementor-section elementor-top-section elementor-element elementor-element-b528c7e elementor-section-boxed elementor-section-height-default elementor-section-height-default\" data-id=\"b528c7e\" data-element_type=\"section\" data-e-type=\"section\">\n\t\t\t\t\t\t<div class=\"elementor-container elementor-column-gap-default\">\n\t\t\t\t\t<div class=\"elementor-column elementor-col-100 elementor-top-column elementor-element elementor-element-927b6ce\" data-id=\"927b6ce\" data-element_type=\"column\" data-e-type=\"column\">\n\t\t\t<div class=\"elementor-widget-wrap elementor-element-populated\">\n\t\t\t\t\t\t<div class=\"elementor-element elementor-element-cc04d21 elementor-widget elementor-widget-spacer\" data-id=\"cc04d21\" data-element_type=\"widget\" data-e-type=\"widget\" data-widget_type=\"spacer.default\">\n\t\t\t\t<div class=\"elementor-widget-container\">\n\t\t\t\t\t\t\t<div class=\"elementor-spacer\">\n\t\t\t<div class=\"elementor-spacer-inner\"><\/div>\n\t\t<\/div>\n\t\t\t\t\t\t<\/div>\n\t\t\t\t<\/div>\n\t\t\t\t\t<\/div>\n\t\t<\/div>\n\t\t\t\t\t<\/div>\n\t\t<\/section>\n\t\t\t\t<section class=\"elementor-section elementor-top-section elementor-element elementor-element-d38d9ae elementor-section-boxed elementor-section-height-default elementor-section-height-default\" data-id=\"d38d9ae\" data-element_type=\"section\" data-e-type=\"section\">\n\t\t\t\t\t\t<div class=\"elementor-container elementor-column-gap-default\">\n\t\t\t\t\t<div class=\"elementor-column elementor-col-100 elementor-top-column elementor-element elementor-element-4666799\" data-id=\"4666799\" data-element_type=\"column\" data-e-type=\"column\">\n\t\t\t<div class=\"elementor-widget-wrap elementor-element-populated\">\n\t\t\t\t\t\t<div class=\"elementor-element elementor-element-460a049 elementor-align-right elementor-fixed elementor-widget elementor-widget-button\" data-id=\"460a049\" data-element_type=\"widget\" data-e-type=\"widget\" data-settings=\"{&quot;_position&quot;:&quot;fixed&quot;}\" data-widget_type=\"button.default\">\n\t\t\t\t<div class=\"elementor-widget-container\">\n\t\t\t\t\t\t\t\t\t<div class=\"elementor-button-wrapper\">\n\t\t\t\t\t<a class=\"elementor-button elementor-button-link elementor-size-sm\" href=\"https:\/\/toggleDrFlexAppointments()\" target=\"_blank\" id=\"BookCTA\">\n\t\t\t\t\t\t<span class=\"elementor-button-content-wrapper\">\n\t\t\t\t\t\t\t\t\t<span class=\"elementor-button-text\">Online Termin vereinbaren<\/span>\n\t\t\t\t\t<\/span>\n\t\t\t\t\t<\/a>\n\t\t\t\t<\/div>\n\t\t\t\t\t\t\t\t<\/div>\n\t\t\t\t<\/div>\n\t\t\t\t\t<\/div>\n\t\t<\/div>\n\t\t\t\t\t<\/div>\n\t\t<\/section>\n\t\t\t\t<\/div>\n\t\t","protected":false},"excerpt":{"rendered":"<p>Unsere Praxis im Herzen des Dreisamtals Als Zahnarztpraxis f\u00fcr Gro\u00df und Klein bieten wir ein individuell auf sie zugeschnittenes modernes Behandlungskonzept. Unser Behandlungsspektrum umfasst alle Bereiche der Zahnmedizin ausgenommen der Kieferorthop\u00e4die. Unser Angebot Informieren Sie sich \u00fcber unser Angebot von den ersten bis zu den dritten Z\u00e4hnen! Unser Team Unser<\/p>\n","protected":false},"author":1,"featured_media":0,"parent":0,"menu_order":0,"comment_status":"closed","ping_status":"closed","template":"","meta":{"footnotes":""},"class_list":["post-5","page","type-page","status-publish","hentry"],"yoast_head":"<!-- This site is optimized with the Yoast SEO plugin v27.5 - https:\/\/yoast.com\/product\/yoast-seo-wordpress\/ -->\n<title>Zahnarztpraxis Buchenbach im Dreisamtal - Julian und Friederike Reinhard<\/title>\n<meta name=\"description\" content=\"Die Zahnarztpraxis im Herzen des Dreisamtals mit individuell zugeschnittenem Behandlungskonzept in fast allen Bereichen der Zahnmedizin.\" \/>\n<meta name=\"robots\" content=\"index, follow, max-snippet:-1, max-image-preview:large, max-video-preview:-1\" \/>\n<link rel=\"canonical\" href=\"https:\/\/zahnarztpraxis-buchenbach.de\/\" \/>\n<meta property=\"og:locale\" content=\"de_DE\" \/>\n<meta property=\"og:type\" content=\"article\" \/>\n<meta property=\"og:title\" content=\"Zahnarztpraxis Buchenbach im Dreisamtal - Julian und Friederike Reinhard\" \/>\n<meta property=\"og:description\" content=\"Die Zahnarztpraxis im Herzen des Dreisamtals mit individuell zugeschnittenem Behandlungskonzept in fast allen Bereichen der Zahnmedizin.\" \/>\n<meta property=\"og:url\" content=\"https:\/\/zahnarztpraxis-buchenbach.de\/\" \/>\n<meta property=\"og:site_name\" content=\"Zahnarztpraxis Buchenbach\" \/>\n<meta property=\"article:modified_time\" content=\"2025-03-03T12:36:16+00:00\" \/>\n<meta name=\"twitter:card\" content=\"summary_large_image\" \/>\n<meta name=\"twitter:label1\" content=\"Gesch\u00e4tzte Lesezeit\" \/>\n\t<meta name=\"twitter:data1\" content=\"1\u00a0Minute\" \/>\n<script type=\"application\/ld+json\" class=\"yoast-schema-graph\">{\"@context\":\"https:\\\/\\\/schema.org\",\"@graph\":[{\"@type\":\"WebPage\",\"@id\":\"https:\\\/\\\/zahnarztpraxis-buchenbach.de\\\/\",\"url\":\"https:\\\/\\\/zahnarztpraxis-buchenbach.de\\\/\",\"name\":\"Zahnarztpraxis Buchenbach im Dreisamtal - Julian und Friederike Reinhard\",\"isPartOf\":{\"@id\":\"https:\\\/\\\/zahnarztpraxis-buchenbach.de\\\/#website\"},\"datePublished\":\"2019-11-27T10:33:05+00:00\",\"dateModified\":\"2025-03-03T12:36:16+00:00\",\"description\":\"Die Zahnarztpraxis im Herzen des Dreisamtals mit individuell zugeschnittenem Behandlungskonzept in fast allen Bereichen der Zahnmedizin.\",\"breadcrumb\":{\"@id\":\"https:\\\/\\\/zahnarztpraxis-buchenbach.de\\\/#breadcrumb\"},\"inLanguage\":\"de\",\"potentialAction\":[{\"@type\":\"ReadAction\",\"target\":[\"https:\\\/\\\/zahnarztpraxis-buchenbach.de\\\/\"]}]},{\"@type\":\"BreadcrumbList\",\"@id\":\"https:\\\/\\\/zahnarztpraxis-buchenbach.de\\\/#breadcrumb\",\"itemListElement\":[{\"@type\":\"ListItem\",\"position\":1,\"name\":\"Startseite\",\"item\":\"https:\\\/\\\/zahnarztpraxis-buchenbach.de\\\/\"},{\"@type\":\"ListItem\",\"position\":2,\"name\":\"Startseite\"}]},{\"@type\":\"WebSite\",\"@id\":\"https:\\\/\\\/zahnarztpraxis-buchenbach.de\\\/#website\",\"url\":\"https:\\\/\\\/zahnarztpraxis-buchenbach.de\\\/\",\"name\":\"Zahnarztpraxis Buchenbach\",\"description\":\"Julian Reinhard\",\"publisher\":{\"@id\":\"https:\\\/\\\/zahnarztpraxis-buchenbach.de\\\/#organization\"},\"potentialAction\":[{\"@type\":\"SearchAction\",\"target\":{\"@type\":\"EntryPoint\",\"urlTemplate\":\"https:\\\/\\\/zahnarztpraxis-buchenbach.de\\\/?s={search_term_string}\"},\"query-input\":{\"@type\":\"PropertyValueSpecification\",\"valueRequired\":true,\"valueName\":\"search_term_string\"}}],\"inLanguage\":\"de\"},{\"@type\":\"Organization\",\"@id\":\"https:\\\/\\\/zahnarztpraxis-buchenbach.de\\\/#organization\",\"name\":\"Zahnarztpraxis Buchenbach\",\"url\":\"https:\\\/\\\/zahnarztpraxis-buchenbach.de\\\/\",\"logo\":{\"@type\":\"ImageObject\",\"inLanguage\":\"de\",\"@id\":\"https:\\\/\\\/zahnarztpraxis-buchenbach.de\\\/#\\\/schema\\\/logo\\\/image\\\/\",\"url\":\"https:\\\/\\\/zahnarztpraxis-buchenbach.de\\\/wp-content\\\/uploads\\\/2020\\\/01\\\/cropped-ZPB_Logo_Web_03-1.png\",\"contentUrl\":\"https:\\\/\\\/zahnarztpraxis-buchenbach.de\\\/wp-content\\\/uploads\\\/2020\\\/01\\\/cropped-ZPB_Logo_Web_03-1.png\",\"width\":366,\"height\":125,\"caption\":\"Zahnarztpraxis Buchenbach\"},\"image\":{\"@id\":\"https:\\\/\\\/zahnarztpraxis-buchenbach.de\\\/#\\\/schema\\\/logo\\\/image\\\/\"}}]}<\/script>\n<!-- \/ Yoast SEO plugin. -->","yoast_head_json":{"title":"Zahnarztpraxis Buchenbach im Dreisamtal - Julian und Friederike Reinhard","description":"Die Zahnarztpraxis im Herzen des Dreisamtals mit individuell zugeschnittenem Behandlungskonzept in fast allen Bereichen der Zahnmedizin.","robots":{"index":"index","follow":"follow","max-snippet":"max-snippet:-1","max-image-preview":"max-image-preview:large","max-video-preview":"max-video-preview:-1"},"canonical":"https:\/\/zahnarztpraxis-buchenbach.de\/","og_locale":"de_DE","og_type":"article","og_title":"Zahnarztpraxis Buchenbach im Dreisamtal - Julian und Friederike Reinhard","og_description":"Die Zahnarztpraxis im Herzen des Dreisamtals mit individuell zugeschnittenem Behandlungskonzept in fast allen Bereichen der Zahnmedizin.","og_url":"https:\/\/zahnarztpraxis-buchenbach.de\/","og_site_name":"Zahnarztpraxis Buchenbach","article_modified_time":"2025-03-03T12:36:16+00:00","twitter_card":"summary_large_image","twitter_misc":{"Gesch\u00e4tzte Lesezeit":"1\u00a0Minute"},"schema":{"@context":"https:\/\/schema.org","@graph":[{"@type":"WebPage","@id":"https:\/\/zahnarztpraxis-buchenbach.de\/","url":"https:\/\/zahnarztpraxis-buchenbach.de\/","name":"Zahnarztpraxis Buchenbach im Dreisamtal - Julian und Friederike Reinhard","isPartOf":{"@id":"https:\/\/zahnarztpraxis-buchenbach.de\/#website"},"datePublished":"2019-11-27T10:33:05+00:00","dateModified":"2025-03-03T12:36:16+00:00","description":"Die Zahnarztpraxis im Herzen des Dreisamtals mit individuell zugeschnittenem Behandlungskonzept in fast allen Bereichen der Zahnmedizin.","breadcrumb":{"@id":"https:\/\/zahnarztpraxis-buchenbach.de\/#breadcrumb"},"inLanguage":"de","potentialAction":[{"@type":"ReadAction","target":["https:\/\/zahnarztpraxis-buchenbach.de\/"]}]},{"@type":"BreadcrumbList","@id":"https:\/\/zahnarztpraxis-buchenbach.de\/#breadcrumb","itemListElement":[{"@type":"ListItem","position":1,"name":"Startseite","item":"https:\/\/zahnarztpraxis-buchenbach.de\/"},{"@type":"ListItem","position":2,"name":"Startseite"}]},{"@type":"WebSite","@id":"https:\/\/zahnarztpraxis-buchenbach.de\/#website","url":"https:\/\/zahnarztpraxis-buchenbach.de\/","name":"Zahnarztpraxis Buchenbach","description":"Julian Reinhard","publisher":{"@id":"https:\/\/zahnarztpraxis-buchenbach.de\/#organization"},"potentialAction":[{"@type":"SearchAction","target":{"@type":"EntryPoint","urlTemplate":"https:\/\/zahnarztpraxis-buchenbach.de\/?s={search_term_string}"},"query-input":{"@type":"PropertyValueSpecification","valueRequired":true,"valueName":"search_term_string"}}],"inLanguage":"de"},{"@type":"Organization","@id":"https:\/\/zahnarztpraxis-buchenbach.de\/#organization","name":"Zahnarztpraxis Buchenbach","url":"https:\/\/zahnarztpraxis-buchenbach.de\/","logo":{"@type":"ImageObject","inLanguage":"de","@id":"https:\/\/zahnarztpraxis-buchenbach.de\/#\/schema\/logo\/image\/","url":"https:\/\/zahnarztpraxis-buchenbach.de\/wp-content\/uploads\/2020\/01\/cropped-ZPB_Logo_Web_03-1.png","contentUrl":"https:\/\/zahnarztpraxis-buchenbach.de\/wp-content\/uploads\/2020\/01\/cropped-ZPB_Logo_Web_03-1.png","width":366,"height":125,"caption":"Zahnarztpraxis Buchenbach"},"image":{"@id":"https:\/\/zahnarztpraxis-buchenbach.de\/#\/schema\/logo\/image\/"}}]}},"_links":{"self":[{"href":"https:\/\/zahnarztpraxis-buchenbach.de\/index.php?rest_route=\/wp\/v2\/pages\/5","targetHints":{"allow":["GET"]}}],"collection":[{"href":"https:\/\/zahnarztpraxis-buchenbach.de\/index.php?rest_route=\/wp\/v2\/pages"}],"about":[{"href":"https:\/\/zahnarztpraxis-buchenbach.de\/index.php?rest_route=\/wp\/v2\/types\/page"}],"author":[{"embeddable":true,"href":"https:\/\/zahnarztpraxis-buchenbach.de\/index.php?rest_route=\/wp\/v2\/users\/1"}],"replies":[{"embeddable":true,"href":"https:\/\/zahnarztpraxis-buchenbach.de\/index.php?rest_route=%2Fwp%2Fv2%2Fcomments&post=5"}],"version-history":[{"count":57,"href":"https:\/\/zahnarztpraxis-buchenbach.de\/index.php?rest_route=\/wp\/v2\/pages\/5\/revisions"}],"predecessor-version":[{"id":460,"href":"https:\/\/zahnarztpraxis-buchenbach.de\/index.php?rest_route=\/wp\/v2\/pages\/5\/revisions\/460"}],"wp:attachment":[{"href":"https:\/\/zahnarztpraxis-buchenbach.de\/index.php?rest_route=%2Fwp%2Fv2%2Fmedia&parent=5"}],"curies":[{"name":"wp","href":"https:\/\/api.w.org\/{rel}","templated":true}]}}